n = 2*t - d. What are the prime factors of t?
13, 31
Suppose 2*t - 202*g + 205*g - 26456 = 0, -3*t + 4*g = -39667. List the prime factors of t.
5, 23
Let r = 397 - -449. Suppose 3*l = l - r. Let w = l - -662. What are the prime factors of w?
239
Let p(b) = b**2 + 2*b. Let c be p(-1). List the prime factors of (-155)/(-25) - (c + 12/10).
2, 3
Suppose -4*t + 44344 = h - 23365, 3*t - 50775 = -3*h. What are the prime factors of t?
2, 23
Let z = -1288 + 1946. Let n = z + -66. List the prime factors of n.
2, 37
Let s = 29 + -52. Let r = s + 25. Suppose 3*w - 15 = 0, u + 5*w - r*w = 136. What are the prime factors of u?
11
Suppose 94*i - 95*i + 410 = 0. Suppose i = 16*z - 742. What are the prime factors of z?
2, 3
Suppose -5*q = 5*u - 137808 - 26452, -8 = -4*u. List the prime factors of q.
2, 3, 5, 73
List the prime factors of (12/(-2))/(68/(-18462)).
3, 181
Suppose 6*p + 4*p = 12*p. Suppose 5*l - 5*c + 2*c - 770 = 0, 2*c = p. List the prime factors of l.
2, 7, 11
Let w be (7 - 6)/(2/(-46)). Let f = -8 - w. Suppose 16*z = f*z + 75. What are the prime factors of z?
3, 5
Let q be ((-80)/(-24))/((-6)/(-9)). Suppose h - q*c - 5 = 49, 2*c = -2*h + 84. List the prime factors of h.
2, 11
Suppose 14*p = 8*p + 18. Suppose x = t - 1, 3*x + p*t - t + 3 = 0. What are the prime factors of x/(1/(-219)*-3)*-1?
73
Suppose -4*s = -4*r - 8, 1 + 5 = -r + 2*s. Suppose 0 = 2*g + 10, 19 = c - r*g + 2. Suppose 9*x - c*x = 210. List the prime factors of x.
3, 5, 7
Let v(q) = -114*q - 101. Let g be v(-4). Suppose -g - 453 = -2*x. List the prime factors of x.
2, 101
Suppose k + 0*k + 1245 = -u, -4*u = 3*k + 3731. Let n = k - -2705. What are the prime factors of n?
2, 7, 13
Let h = -6 - -2. Let j be (h + 2)*((-1169)/(-2))/(-7). Let k = -74 + j. What are the prime factors of k?
3, 31
Let s = 4019 + -2280. Let i = 2545 - s. What are the prime factors of i?
2, 13, 31
Let j be 1 + 695 - (34 - 33). Let a = j - -198. List the prime factors of a.
19, 47
List the prime factors of 24509/(6/28 + -8*5/(-140)).
2, 24509
Let v be (-15)/(-6)*28/35. Suppose v*p - 2686 = 39*g - 41*g, -2*p = -3*g - 2691. List the prime factors of p.
2, 3, 7
Let z = 519 + 891. Suppose 168 = -6*u + z. Suppose -18*q - u = -21*q. List the prime factors of q.
3, 23
Suppose -19*u = 17*u - 216. List the prime factors of 1*3/u*2018.
1009
Suppose -60 = -6*w - 24. Suppose o = -4*b + 794, -w*b = 3*o - 5*b - 2426. List the prime factors of o.
2, 3, 5
Suppose -2*p = -4*r - 5*p + 65048, 0 = -5*p. What are the prime factors of r?
2, 47, 173
Let t be 771*(4/((-16)/(-12)) - 2). Suppose 0 = -2*v + t - 37. List the prime factors of v.
367
Suppose 5*g + 12 - 47 = 0. Suppose 0 = -g*u + 1683 + 1397. List the prime factors of u.
2, 5, 11
List the prime factors of (-180)/(20 - 5) + 11520.
2, 3, 7, 137
Suppose -15*d + 840 = -10*d. Suppose 2*k - 5*s - d = -7*s, -2*k + 168 = -5*s. What are the prime factors of k?
2, 3, 7
Let s(r) = 5*r**2 - 8*r + 2. Let z = -137 - -143. What are the prime factors of s(z)?
2, 67
Let w(r) be the first derivative of r**2/2 + 23*r - 40. Let o be w(-22). List the prime factors of o - 4/(8/(-262))*1.
2, 3, 11
Let n(s) = 20*s**2 - 6*s + 76. Let v be n(6). Let c = 1688 - v. List the prime factors of c.
2, 29
What are the prime factors of -3 - (24/24)/((-3)/8757)?
2, 3
Let d(p) = -p - 6. Let x be d(-8). Let b(z) = -8*z**3 + 16*z**x + 7*z**3 + 7 - 12*z**2. List the prime factors of b(4).
7
Suppose -3*r - 17*p + 14*p + 1929 = 0, -4*r + 2600 = -3*p. What are the prime factors of r?
647
Let o = 228 - 201. List the prime factors of 526 + 4/18 + (-33)/o.
3, 5, 7
Suppose 6 = -16*k + 19*k. Suppose 3*i - 3*a - 42 = 0, -k + 1 = a. Suppose -7 = n - i. What are the prime factors of n?
2, 3
Let z be (16/28 - 3/(-7))*5. Suppose 4*i + w - 3271 = -0*w, -z*i + 2*w = -4105. List the prime factors of i.
3, 7, 13
Let k = 1045 + 4715. Suppose 0 = -14*n + 2*n + k. List the prime factors of n.
2, 3, 5
Suppose -w + 4*w = -s - 749, w = s + 761. List the prime factors of s/6*(-423)/47.
3, 379
What are the prime factors of (1 - 0) + -2 - ((-72)/12 + -11664)?
7, 1667
List the prime factors of (-4)/3*70530/(-20).
2, 2351
Let f = 34185 - 16021. List the prime factors of f.
2, 19, 239
Let a(x) = 11*x - 4. Let f be a(1). Suppose -f*i = -0*i - 14. Suppose i*s - 62 = s + 3*c, -3*s - 5*c = -200. What are the prime factors of s?
5, 13
Let p(k) = -k**3 - 2*k + 1. Let d be p(2). Let c be 72/24 + d + 1. What are the prime factors of 875/3 + c/(-21) - 4?
2, 3
Let u = 106 - 100. Suppose 665 = u*w + w. Suppose 0 = x - 15 - w. What are the prime factors of x?
2, 5, 11
Let h(u) = 182*u**2 + 2*u - 12. List the prime factors of h(6).
2, 3, 7, 13
Let k = -387 + 1117. Let t(q) = -q + 17. Let j be t(12). Suppose 0*r + k = j*r. What are the prime factors of r?
2, 73
Let s = 33502 + -19449. Suppose -20*a + s = -7807. What are the prime factors of a?
1093
Suppose 0 = -7*y + 71 + 384. Let p = 152 - y. Let x = p - -17. List the prime factors of x.
2, 13
Suppose 8*f = 11*f - 9. Suppose -t = -5*u + 95, -f*u + 5*t = -80 + 23. Suppose u*q - 336 = 16*q. List the prime factors of q.
2, 7
Let h(r) = -r**2 - 45*r + 14. Let f be h(-21). Suppose -f - 10 = 12*b. What are the prime factors of (-3 + b/(-12))/((-1)/(-72))?
2, 3
Let k(s) be the first derivative of s**4/4 - 7*s**3/3 - 37*s**2/2 - 14*s + 10. What are the prime factors of k(12)?
2, 131
Let w = 920 + -300. Let z = w - 393. List the prime factors of z.
227
Let n = 388 - 386. Suppose n*d = -2*q + 134 + 656, -5*q + 2003 = -2*d. What are the prime factors of q?
3, 7, 19
Suppose x + 2*k - 104 = -k, 0 = 2*x + 5*k - 213. Let i = -71 + x. Suppose i = -11*p + 14*p. What are the prime factors of p?
2
Let r = -28103 + 51803. List the prime factors of (-4)/(-36) + r/54.
439
What are the prime factors of (-1741)/(-3)*(-28 - -34)?
2, 1741
Let m(u) = -199*u - 4. Suppose -t - 3*s + 9 = 0, 0 = 4*t + s + 3*s - 12. Suppose t = -0*i + 5*i - g, i + 5*g = -26. What are the prime factors of m(i)?
3, 5, 13
Let a be 0*(-2 + (-3)/(-3)). Suppose -3*w - 174 = -4*p - 12, 4*p - 158 = 5*w. Let m = p - a. List the prime factors of m.
2, 3, 7
Let w(b) = 6*b**2 + 33*b + 917. List the prime factors of w(-50).
11, 1297
Let f = 14486 - 11338. List the prime factors of f.
2, 787
Let p be 75/(-300) + 21078/(-8). Let s = -1294 - p. List the prime factors of s.
3, 149
Suppose 0 = -2*g - 5*v + 33439, -33474 = 141*g - 143*g + 2*v. What are the prime factors of g?
2, 47, 89
Let f(l) = -l**2 - 14*l - 11. Let n be f(-13). Suppose -162 - 10 = 5*m - 2*v, n*m + 2*v + 80 = 0. What are the prime factors of ((-14)/18 - -1) + (-8272)/m?
2, 5, 23
Suppose -2*l + 52 = 3*v, -4*v + l + 64 = -v. Suppose 15*s + 2895 = v*s. What are the prime factors of s?
3, 193
Suppose 0 = -2*g - 6, -1918 = 7*t - 2*t - 4*g. Let f = -282 - t. List the prime factors of f.
2, 13
Let i(b) = b**3 - 32*b**2 + 2*b - 33. Let g be i(32). Suppose -g*z - 1731 = -34*z. What are the prime factors of z?
577
Let u = 1637 + -805. Let r = u + 468. List the prime factors of r.
2, 5, 13
Let y(g) = 15*g**2 - 14*g + 328. List the prime factors of y(-23).
5, 17, 101
Suppose n - 21324 = 5*b, -28*n + 30*n + 2*b - 42672 = 0. What are the prime factors of n?
2, 10667
Let t = 4645 + -2379. List the prime factors of t.
2, 11, 103
Let v be (-3 - 13/(-3))*3. Let d(c) = -3*c**2 - 9*c + 2. Let r(p) = 4*p**2 + 10*p - 3. Let u(b) = v*r(b) + 5*d(b). What are the prime factors of u(-7)?
2, 41
Let p = -47673 - -74632. What are the prime factors of p?
26959
Suppose -3*i = -2*b + 2153, 4*i - 2867 = 8*i + b. List the prime factors of -1 + (4 - i - 0).
2, 3, 5
Suppose -4*z = -24, k + z - 121557 + 35584 = 0. List the prime factors of k.
7, 12281
Suppose -4*q + 314 = 5*j, -241 = -6*q + 3*q - j. Let x = 55 - q. Let f = x + 68. What are the prime factors of f?
2, 3, 7
Let z(l) = -l - 54*l**2 + 240*l**2 + 5*l - 25 + 2*l. List the prime factors of z(3).
1667
Let n(c) = -c**3 + 14*c**2 + 4*c + 40. Let w = 419 - 407. What are the prime factors of n(w)?
2, 47
What are the prime factors of ((-74252)/(-12))/((((-343)/42)/(-7))/7)?
2, 19, 977
Let q be -4*(-1)/8*(5 - 1). Let g(c) = 96*c**2 - 6*c + 11. List the prime factors of g(q).
383
Suppose -2*r + 4*v + 12 = 0, -r - 4*v + 4 = -7*v. Suppose -3*p = w - 421, -4*p - 1126 = -2*w - 254. Supp